t derivative of j**4/4 + j**3/3 + j**2 - 21*j + 476. Give t(0).
-21
Let x(p) = p**2 - 10*p + 18. Let n be x(7). Let d be (-3)/(-3 - (n - -1)). Suppose -18*k + 17*k = d. Let l(i) = 4*i + 4. Determine l(k).
-8
Let g be 2/((-45)/(-50) - 2/5). Suppose -6*n = -2*a - g*n, -4*a + 3*n = -3. Let l(i) = -i - 1. Determine l(a).
-4
Let i(s) be the second derivative of 8 - 2*s + 3*s**2 - 1/6*s**3. What is i(10)?
-4
Let x(b) = -2*b**2 + b + 1. Let n(k) = k**2. Let c(w) = -5*w**2 + 1. Let s(t) = -c(t) - 3*n(t). Let r(p) = -2*s(p) - x(p). Let m = 1 + -3. Determine r(m).
-5
Let r = 9 + -6. Let a = 906 + -901. Suppose -30 = -5*l - r*v + 12, -a*l + 22 = -2*v. Let o(g) = -g**2 + 6*g + 7. Calculate o(l).
7
Let y(n) = -n + 17. Let m(f) = f**3 - 5*f**2 - 17*f - 12. Let q be m(-5). Let k = -167 - q. Give y(k).
7
Let d(a) be the first derivative of -a**3/3 - 2*a**2 - 4*a - 1. Suppose -35*h + 100 - 31 - 120 = 54. Give d(h).
-1
Let h(m) = m**2 + 3*m - 12. Let a(q) = -q**3 - 20*q**2 - 97*q - 4. Let z be a(-8). Give h(z).
16
Let j(q) = q - 22. Let n(w) = w**2 + 98*w - 402. Let k be n(4). Give j(k).
-16
Let q(c) = -227 + 127*c - 20*c - 102*c - 29*c. Calculate q(-9).
-11
Suppose -3 = 3*r, -5*a + 4*r + 10 = -r. Let d = a - -2. Let t(h) = h**2 + 8*h + 27. Let f(q) = -q - 5. Let y(m) = 6*f(m) + t(m). What is y(d)?
12
Let k(g) = -g**3 + 18*g**2 - 3*g - 12. Let d(p) = -14*p**2 + 4*p + 9. Let l(c) = 4*d(c) + 3*k(c). Determine l(3).
-78
Suppose 83*x = -25*x - 972. Let m(c) = 2*c - 6. Calculate m(x).
-24
Let f(o) be the first derivative of o**4/4 - o**3/3 - o**2/2 + o + 175. Let t(x) = -x**3 + 12*x**2 + 14*x + 2. Let m(j) = -2*f(j) - t(j). Give m(-9).
23
Let a be (-10)/6 + (-24)/(-792)*583. Let o(c) = 14*c - 224. Calculate o(a).
0
Let i(q) = q - 5. Let m = 334 - 527. Let p = -187 - m. Determine i(p).
1
Let o(m) be the second derivative of m**3/6 - m**2 - 4*m. Suppose 79*v - 102*v = 0. What is o(v)?
-2
Suppose 3*c + 30 = -2*y, -5*c - 3*y + 4*y - 50 = 0. Let a(z) = -z**2 - 14*z - 23. Give a(c).
17
Let g(x) be the first derivative of -27 + 8*x + 2*x**2 + x - 24 - x**2 - 4. Give g(8).
25
Let c(j) = 8*j - 66. Let v be ((-27)/(-12))/(((-2)/48)/(23/(-207))). Determine c(v).
-18
Let o(a) be the first derivative of 3*a**2/2 - 1568. Determine o(-15).
-45
Suppose -4*x - 5*v - 48 = 0, v = 575*x - 571*x + 24. Let m(y) = y**3 + 4*y**2 - 28*y - 5. Determine m(x).
44
Let n(i) = -33 - 9 + 29*i - 10 - 20. Calculate n(3).
15
Suppose -9*t = -3*t + 48. Let b(w) = -w**3 - 8*w**2 - 4*w - 19. Give b(t).
13
Let n(a) = 7*a**3 - 6*a**3 + 186*a**2 - 2 + 189*a**2 - 564*a**2 - 7*a + 184*a**2. What is n(6)?
-8
Let w(j) = -18*j - 39. Let d be ((-3)/6)/(15/60). What is w(d)?
-3
Suppose -5*y - 76 = 6*g + 34, 4*g + 48 = 3*y. Let n(l) = -l**3 - 15*l**2 - 3*l. Calculate n(g).
45
Suppose 209 - 20 = -21*s. Let u(m) = m**2 + 13*m - 20. Determine u(s).
-56
Let i(t) be the third derivative of -t**5/60 - 7*t**4/24 + 26*t**3/3 - 1133*t**2. Give i(-11).
8
Let h = 123 - 122. Let d(g) = 2*g - 2 - h - 3 + 12. Determine d(-6).
-6
Let o(k) = -5*k + 174. Suppose -3808 + 928 = -72*w. Give o(w).
-26
Let r(d) = 10. Let x(b) = -12. Let z(p) = 5*r(p) + 4*x(p). Let y(g) = g + 3. Let m(s) = -3*y(s) + 4*z(s). Let f(o) = -o. Let k(a) = -2*f(a) + m(a). Give k(-6).
5
Let j(m) = -m**2 + 16*m - 40. Let t be j(12). Let o(i) = -6 + i - t*i**2 - 49*i**3 + 13*i**3 + 16*i**3 + 21*i**3. Determine o(8).
2
Suppose -299*y + 281*y + 36 = 0. Let p(q) = -6*q**3 + 3*q**2 + 4*q - 3. Determine p(y).
-31
Let f(m) = -m + 7 + 0*m - 3. Let k = -195 - -668. Let l = k - 480. Give f(l).
11
Let p(k) = 12 - 25*k**2 - 24*k**2 + 74*k**2 - 26*k**2 + 19*k. Determine p(16).
60
Let m(r) = r**3 - 6*r**2 + 4*r - 10. Let k(h) = -6*h - 6. Let b be k(-2). Determine m(b).
14
Let r be (-10*(-10)/25)/1. Let z(t) = -t**2 + 6*t - 4. Let u be z(r). Let b(j) = -3*j**2 + 0*j**2 + 5 + 3*j - u*j + 2*j**2. Give b(0).
5
Let n = 103 - -4. Let u = n - 167. Let f = -54 - u. Let x(t) = t - 6. What is x(f)?
0
Let q(d) = d**3 + 6*d**2 + 10*d + 10. Let i be q(-4). Let k(a) = a + 6. Let w be k(-4). Let b(x) = 3*x - x**i - 3*x**3 - 5*x**w - 1 + 4*x**3. Give b(5).
-11
Let u(c) = 7 - 15*c + 10 + 6*c + 3*c + 5*c. Give u(19).
-2
Let x(g) = g + 2. Let k(h) = -4*h - 6. Let z(a) = -3*k(a) - 8*x(a). Let j(t) = -t**3 + 41*t**2 + 282*t - 3. Let o be j(47). Determine z(o).
-10
Let y be (-1)/((-49)/14 - -3). Let x(b) = 4*b**2 + 7*b**2 - 4*b + 3*b**y - 17*b**2 - 2 + 4*b**2. What is x(4)?
-2
Let j(u) = -22*u - 19. Let b be j(-1). Let i(v) = 3*v**2 + 10*v**2 - 8*v - 12*v**2 - 4 + 0 + b*v. Calculate i(5).
-4
Let i(t) be the third derivative of -t**5/60 - t**4/24 + 2*t**3/3 + 2*t**2. Let p be 5 + 1 - (11 + -12) - 10. Give i(p).
-2
Let u(v) be the third derivative of v**5/60 + 5*v**4/12 + 7*v**3/6 - 6*v**2. Let i(s) = s**3 + s**2 + 6*s + 7. Let g be i(-2). Calculate u(g).
-2
Let r(x) = x**2 + 2*x - 33. Let b be r(-7). Suppose 2*f = -6*c + 4*c + 16, 28 = 5*c + b*f. Let i(t) = -9*t + 6. Calculate i(c).
-30
Let t(u) = -u**2 + 3*u - 1. Suppose -o - 3*w = -4*w - 12, 3*o - 2*w = 32. Let s be (-48)/21 + o/28. Let f be ((-10)/5)/(s/3). Determine t(f).
-1
Let c(r) = r**3 - 6*r**2 - 5*r - 12. Let n be c(7). Let l(w) = 3*w**2. Let m(f) = -8*f**2. Let b(p) = 12*l(p) + 4*m(p). What is b(n)?
16
Let p(c) = 8*c**3 + c**2 + 4*c - 6. Let z be p(-2). Suppose y - 2*y = 3*r - 84, -387 = -5*y - 4*r. Let b = y + z. Let k(w) = 4*w**2 + w - 1. Calculate k(b).
4
Let k(y) = y**3 - 8*y**2 + 9*y - 16. Let i(o) = -o**3 + 8*o**2 - 10*o + 13. Let x(q) = -4*i(q) - 3*k(q). Give x(5).
-14
Let n(h) = h**3 + 8*h**2 + 6*h - 3. Let u(i) = -i**3 - 28*i**2 - 6*i + 559. Let d be u(-27). Determine n(d).
-51
Let k = -581 + 587. Suppose k*d - 8 = 8*d. Let q(y) = 3*y**2 + 6*y. Determine q(d).
24
Let h be -94*9/78 - 87/(11310/20). Let r(t) = -t**3 - 10*t**2 + 11*t + 32. What is r(h)?
32
Suppose -5*s = -5*v + 70, -25*s + 26*s + 29 = -4*v. Let t(x) = x**2 + 26*x + 153. Give t(s).
0
Let s(g) = -g**3 - 7*g**2 - 5*g + 2. Suppose -3*i + 5*l - 5 + 1 = 0, 2*l = -4*i + 12. Suppose 5 + 5 = i*o. Suppose -26 = o*r + 4. Determine s(r).
-4
Let l(n) be the third derivative of n**5/60 + n**4/2 + 7*n**3/2 + n**2 + 930*n. What is l(-8)?
-11
Let l(g) = 3*g**2 + 4*g - 3. Let m = -206 - -63. Let i = 140 + m. Determine l(i).
12
Let u(f) = -2*f**2 + 1. Let o(y) = y**3 + 19*y**2 - 19*y + 22. Let w be o(-20). Suppose 0*l = -4*l, 0 = 2*d + w*l - 78. Let a = 41 - d. Calculate u(a).
-7
Let s(z) = 66 + 46*z**3 - 27 - 25 + z - 15. Give s(1).
46
Let s(t) be the third derivative of 11*t**6/60 - t**5/30 - t**4/24 + t**2. Let n = -39347 - -39346. Calculate s(n).
-23
Let y be 17 + -25 + -6 + -1. Let k be 154/(-56) - (y/(-12) - 1). Let c(z) = z**2 - 3*z - 2. Determine c(k).
16
Suppose -2*w + 3*w = -q - 5, 2*q - 5*w = -31. Let i be (2/(-8) - 0)*q. Let c(u) = -4*u**2 - u + 2. What is c(i)?
-16
Suppose 2*k = -0*k. Let a be 8/(-36) - 112/(-18). Let p(c) = 2*c + k - a + 1. Determine p(6).
7
Suppose -k + 5 = -3*v, k + v = 3*k. Let s(y) = 0*y**2 - y**2 - 3*y**3 - y**3 - y. Calculate s(k).
4
Let r(k) be the second derivative of k**4/12 - k**3/2 + 2*k**2 + k. Let h be (-6)/14 + (-2508)/(-21)*1. Let t be (-2)/(5 + h/(-21)). Give r(t).
4
Suppose -189 = -63*z - 110 + 173. Let f(t) = -t**3 + 7*t - 3. What is f(z)?
-39
Suppose -116*j + 208 = -604. Let t(b) = b - 3. Let v(f) = f**3 - 8*f**2 - 11*f + 9. Let p be v(9). Let n(c) = 2*c - 5. Let a(o) = p*t(o) + 4*n(o). What is a(j)?
0
Let k be 120/(-15) - -7 - 8. Let u(r) = -r**3 - 8*r**2 + 12*r + 13. Determine u(k).
-14
Let s(v) = v**3 - 20*v**2 - 50*v + 56. Let o be s(22). Let a(c) = c**3 + 77*c**2 + 77*c + 68. What is a(o)?
-8
Let v(k) = -12*k**3 + 1348*k - 60*k**3 - 2683*k - 2 + 1338*k. What is v(1)?
-71
Let n(z) = -z**3 + 8*z**2 - 23*z - 1. Let d(k) = -3*k**3 + 17*k**2 - 54*k. Let a(j) = 2*d(j) - 5*n(j). Determine a(-7).
5
Suppose 2*q - 6*n + 74 = 0, -383*q = -379*q + n + 70. Let w(o) = 13*o + 259. Give w(q).
12
Let p(y) be the second derivative of y**5/20 - 7*y**4/12 + y**3/3 - 25*y**2/2 - 7957*y. Calculate p(7).
-11
Let n(y) = -y**2 - 91*y - 1317. Let u be n(-73). Let w(o) = 2*o**3 + 7*o**2 + 9*o - 4. What is w(u)?
-22
Let j(x) = x**3 - 9*x**2 - 5*x + 3. Suppose 138 - 96 = -6*r, r - 43 = -5*l. Determine j(l).
53
Let h(q) = q**3 - 2*q**2 - 15*q + 2. Let a b